 when 781 is divided by 118.
73
What is the remainder when 1033 is divided by 104?
97
Calculate the remainder when 268 is divided by 34.
30
What is the remainder when 164 is divided by 72?
20
Calculate the remainder when 780 is divided by 388.
4
What is the remainder when 36 is divided by 9?
0
Calculate the remainder when 1851 is divided by 1850.
1
What is the remainder when 39 is divided by 8?
7
What is the remainder when 4181 is divided by 123?
122
What is the remainder when 131 is divided by 65?
1
What is the remainder when 2156 is divided by 14?
0
What is the remainder when 71 is divided by 31?
9
Calculate the remainder when 753 is divided by 188.
1
What is the remainder when 83 is divided by 12?
11
Calculate the remainder when 839 is divided by 84.
83
What is the remainder when 111 is divided by 61?
50
Calculate the remainder when 84 is divided by 31.
22
Calculate the remainder when 79 is divided by 35.
9
What is the remainder when 544 is divided by 33?
16
Calculate the remainder when 130 is divided by 7.
4
What is the remainder when 584 is divided by 208?
168
Calculate the remainder when 445 is divided by 7.
4
Calculate the remainder when 117 is divided by 38.
3
What is the remainder when 201 is divided by 65?
6
Calculate the remainder when 202 is divided by 36.
22
What is the remainder when 557 is divided by 75?
32
Calculate the remainder when 2262 is divided by 747.
21
Calculate the remainder when 86 is divided by 40.
6
Calculate the remainder when 9294 is divided by 11.
10
Calculate the remainder when 5657 is divided by 6.
5
Calculate the remainder when 177 is divided by 12.
9
Calculate the remainder when 2176 is divided by 99.
97
Calculate the remainder when 26 is divided by 16.
10
Calculate the remainder when 106 is divided by 57.
49
Calculate the remainder when 12851 is divided by 2.
1
What is the remainder when 1404 is divided by 61?
1
Calculate the remainder when 240 is divided by 68.
36
What is the remainder when 558 is divided by 10?
8
What is the remainder when 746 is divided by 2?
0
What is the remainder when 416 is divided by 11?
9
What is the remainder when 184 is divided by 61?
1
What is the remainder when 1251 is divided by 35?
26
Calculate the remainder when 1351 is divided by 64.
7
What is the remainder when 1340 is divided by 48?
44
Calculate the remainder when 83 is divided by 15.
8
Calculate the remainder when 96 is divided by 46.
4
What is the remainder when 511 is divided by 8?
7
What is the remainder when 20 is divided by 11?
9
Calculate the remainder when 2170 is divided by 34.
28
Calculate the remainder when 755 is divided by 192.
179
What is the remainder when 165 is divided by 56?
53
What is the remainder when 509 is divided by 91?
54
What is the remainder when 64 is divided by 41?
23
Calculate the remainder when 1076 is divided by 77.
75
Calculate the remainder when 1521 is divided by 110.
91
Calculate the remainder when 71 is divided by 20.
11
Calculate the remainder when 242 is divided by 68.
38
Calculate the remainder when 488 is divided by 49.
47
Calculate the remainder when 159 is divided by 17.
6
What is the remainder when 332 is divided by 42?
38
What is the remainder when 227 is divided by 110?
7
What is the remainder when 3283 is divided by 53?
50
Calculate the remainder when 696 is divided by 81.
48
Calculate the remainder when 10010 is divided by 141.
140
Calculate the remainder when 683 is divided by 79.
51
Calculate the remainder when 292 is divided by 24.
4
Calculate the remainder when 105 is divided by 10.
5
Calculate the remainder when 192 is divided by 70.
52
Calculate the remainder when 795 is divided by 6.
3
Calculate the remainder when 55 is divided by 29.
26
Calculate the remainder when 8669 is divided by 6.
5
What is the remainder when 967 is divided by 27?
22
Calculate the remainder when 1491 is divided by 592.
307
Calculate the remainder when 133 is divided by 83.
50
Calculate the remainder when 252 is divided by 15.
12
Calculate the remainder when 1977 is divided by 44.
41
What is the remainder when 823 is divided by 118?
115
Calculate the remainder when 66 is divided by 36.
30
Calculate the remainder when 149 is divided by 40.
29
What is the remainder when 662 is divided by 42?
32
Calculate the remainder when 1056 is divided by 264.
0
What is the remainder when 49 is divided by 25?
24
What is the remainder when 218 is divided by 44?
42
Calculate the remainder when 1945 is divided by 86.
53
Calculate the remainder when 229 is divided by 35.
19
What is the remainder when 785 is divided by 130?
5
What is the remainder when 220 is divided by 45?
40
Calculate the remainder when 623 is divided by 24.
23
Calculate the remainder when 234 is divided by 24.
18
What is the remainder when 111 is divided by 28?
27
Calculate the remainder when 6197 is divided by 85.
77
What is the remainder when 181 is divided by 177?
4
Calculate the remainder when 838 is divided by 268.
34
Calculate the remainder when 24 is divided by 17.
7
Calculate the remainder when 428 is divided by 53.
4
Calculate the remainder when 1578 is divided by 31.
28
What is the remainder when 1750 is divided by 12?
10
What is the remainder when 54 is divided by 7?
5
What is the remainder when 334 is divided by 38?
30
What is the remainder when 98 is divided by 21?
14
What is the remainder when 346 is divided by 87?
85
What is the remainder when 219 is divided by 54?
3
What is the remainder when 83 is divided by 42?
41
What is the remainder when 186 is divided by 56?
18
What is the remainder when 290 is divided by 95?
5
Calculate the remainder when 414 is divided by 83.
82
Calculate the remainder when 446 is divided by 132.
50
What is the remainder when 56 is divided by 22?
12
Calculate the remainder when 425 is divided by 18.
11
Calculate the remainder when 344 is divided by 89.
77
What is the remainder when 69 is divided by 22?
3
What is the remainder when 35 is divided by 27?
8
Calculate the remainder when 374 is divided by 165.
44
Calculate the remainder when 760 is divided by 146.
30
What is the remainder when 929 is divided by 52?
45
Calculate the remainder when 180 is divided by 73.
34
What is the remainder when 474 is divided by 95?
94
What is the remainder when 5653 is divided by 96?
85
What is the remainder when 127 is divided by 10?
7
Calculate the remainder when 554 is divided by 108.
14
What is the remainder when 520 is divided by 44?
36
What is the remainder when 207 is divided by 10?
7
What is the remainder when 1172 is divided by 138?
68
Calculate the remainder when 56 is divided by 3.
2
Calculate the remainder when 277 is divided by 14.
11
Calculate the remainder when 160 is divided by 83.
77
Calculate the remainder when 1519 is divided by 3.
1
Calculate the remainder when 439 is divided by 50.
39
What is the remainder when 239 is divided by 56?
15
What is the remainder when 9 is divided by 6?
3
Calculate the remainder when 147 is divided by 32.
19
What is the remainder when 13947 is divided by 18?
15
Calculate the remainder when 103 is divided by 52.
51
What is the remainder when 158 is divided by 137?
21
What is the remainder when 39 is divided by 2?
1
What is the remainder when 732 is divided by 67?
62
What is the remainder when 1406 is divided by 287?
258
What is the remainder when 1128 is divided by 126?
120
Calculate the remainder when 313 is divided by 30.
13
What is the remainder when 347 is divided by 121?
105
What is the remainder when 6421 is divided by 12?
1
What is the remainder when 49 is divided by 19?
11
What is the remainder when 2121 is divided by 300?
21
What is the remainder when 8621 is divided by 88?
85
Calculate the remainder when 43055 is divided by 184.
183
Calculate the remainder when 2086 is divided by 570.
376
What is the remainder when 303 is divided by 62?
55
What is the remainder when 98 is divided by 25?
23
What is the remainder when 3703 is divided by 15?
13
What is the remainder when 557 is divided by 51?
47
Calculate the remainder when 422 is divided by 414.
8
What is the remainder when 778 is divided by 39?
37
Calculate the remainder when 347 is divided by 38.
5
Calculate the remainder when 109 is divided by 38.
33
Calculate the remainder when 757 is divided by 744.
13
What is